 is the tens digit of 557?
5
What is the tens digit of 13868?
6
What is the tens digit of 9239?
3
What is the units digit of 2557?
7
What is the hundreds digit of 14724?
7
What is the units digit of 327?
7
What is the units digit of 5375?
5
What is the tens digit of 23136?
3
What is the units digit of 485?
5
What is the tens digit of 19889?
8
What is the ten thousands digit of 10574?
1
What is the hundreds digit of 1975?
9
What is the hundreds digit of 4659?
6
What is the hundreds digit of 1117?
1
What is the thousands digit of 1854?
1
What is the units digit of 64446?
6
What is the hundreds digit of 993?
9
What is the thousands digit of 2250?
2
What is the units digit of 15292?
2
What is the units digit of 35577?
7
What is the tens digit of 4647?
4
What is the hundreds digit of 6164?
1
What is the tens digit of 16700?
0
What is the hundreds digit of 1639?
6
What is the hundreds digit of 37282?
2
What is the units digit of 396?
6
What is the thousands digit of 7353?
7
What is the thousands digit of 6341?
6
What is the tens digit of 49809?
0
What is the tens digit of 76307?
0
What is the units digit of 57782?
2
What is the tens digit of 2608?
0
What is the hundreds digit of 10269?
2
What is the units digit of 507?
7
What is the hundreds digit of 88646?
6
What is the tens digit of 5145?
4
What is the hundreds digit of 946?
9
What is the tens digit of 55034?
3
What is the units digit of 23580?
0
What is the ten thousands digit of 14384?
1
What is the units digit of 36?
6
What is the tens digit of 1807?
0
What is the units digit of 1014?
4
What is the thousands digit of 1792?
1
What is the ten thousands digit of 10022?
1
What is the units digit of 957?
7
What is the thousands digit of 28241?
8
What is the units digit of 597?
7
What is the thousands digit of 4344?
4
What is the hundreds digit of 3635?
6
What is the thousands digit of 1658?
1
What is the hundreds digit of 537?
5
What is the hundreds digit of 4972?
9
What is the tens digit of 2635?
3
What is the units digit of 1057?
7
What is the tens digit of 21155?
5
What is the thousands digit of 5362?
5
What is the tens digit of 29263?
6
What is the hundreds digit of 2375?
3
What is the thousands digit of 100710?
0
What is the thousands digit of 126698?
6
What is the thousands digit of 3901?
3
What is the thousands digit of 6486?
6
What is the units digit of 5?
5
What is the tens digit of 2190?
9
What is the thousands digit of 3519?
3
What is the units digit of 693?
3
What is the units digit of 1673?
3
What is the units digit of 544?
4
What is the hundreds digit of 4024?
0
What is the tens digit of 23294?
9
What is the hundreds digit of 595?
5
What is the tens digit of 913?
1
What is the thousands digit of 2614?
2
What is the thousands digit of 8887?
8
What is the tens digit of 3675?
7
What is the units digit of 2413?
3
What is the tens digit of 27110?
1
What is the hundreds digit of 8456?
4
What is the tens digit of 40037?
3
What is the tens digit of 15159?
5
What is the thousands digit of 4907?
4
What is the tens digit of 1613?
1
What is the ten thousands digit of 17604?
1
What is the hundreds digit of 7703?
7
What is the tens digit of 2062?
6
What is the hundreds digit of 696?
6
What is the hundreds digit of 43038?
0
What is the ten thousands digit of 57083?
5
What is the hundreds digit of 2167?
1
What is the tens digit of 20724?
2
What is the units digit of 3872?
2
What is the units digit of 448?
8
What is the tens digit of 14509?
0
What is the hundreds digit of 909?
9
What is the ten thousands digit of 30896?
3
What is the units digit of 741?
1
What is the ten thousands digit of 21442?
2
What is the hundreds digit of 517?
5
What is the hundreds digit of 3980?
9
What is the units digit of 9628?
8
What is the thousands digit of 5017?
5
What is the units digit of 111?
1
What is the thousands digit of 2276?
2
What is the units digit of 7204?
4
What is the thousands digit of 1334?
1
What is the thousands digit of 31460?
1
What is the tens digit of 1519?
1
What is the tens digit of 6546?
4
What is the units digit of 19271?
1
What is the units digit of 7387?
7
What is the ten thousands digit of 86815?
8
What is the units digit of 425?
5
What is the thousands digit of 19986?
9
What is the tens digit of 760?
6
What is the hundreds digit of 941?
9
What is the hundreds digit of 21933?
9
What is the tens digit of 179?
7
What is the units digit of 15989?
9
What is the hundreds digit of 234?
2
What is the hundreds digit of 841?
8
What is the hundreds digit of 704?
7
What is the thousands digit of 6923?
6
What is the hundreds digit of 18025?
0
What is the hundreds digit of 7443?
4
What is the units digit of 529?
9
What is the hundreds digit of 72170?
1
What is the tens digit of 6845?
4
What is the thousands digit of 5187?
5
What is the thousands digit of 36679?
6
What is the units digit of 9913?
3
What is the tens digit of 1650?
5
What is the hundreds digit of 46808?
8
What is the tens digit of 753?
5
What is the tens digit of 307?
0
What is the tens digit of 2827?
2
What is the tens digit of 8842?
4
What is the tens digit of 969?
6
What is the thousands digit of 2109?
2
What is the units digit of 4487?
7
What is the hundreds digit of 2977?
9
What is the hundreds digit of 7258?
2
What is the thousands digit of 9214?
9
What is the units digit of 19?
9
What is the hundreds digit of 2171?
1
What is the hundreds digit of 91870?
8
What is the units digit of 20594?
4
What is the thousands digit of 10350?
0
What is the thousands digit of 2010?
2
What is the thousands digit of 17653?
7
What is the thousands digit of 2361?
2
What is the tens digit of 1073?
7
What is the thousands digit of 7431?
7
What is the ten thousands digit of 89568?
8
What is the hundreds digit of 1186?
1
What is the units digit of 13972?
2
What is the tens digit of 546?
4
What is the tens digit of 3774?
7
What is the ten thousands digit of 56477?
5
What is the tens digit of 7706?
0
What is the units digit of 12304?
4
What is the hundreds digit of 944?
9
What is the hundreds digit of 330?
3
What is the tens digit of 1030?
3
What is the tens digit of 1655?
5
What is the tens digit of 980?
8
What is the ten thousands digit of 11241?
1
What is the units digit of 4182?
2
What is the units digit of 23010?
0
What is the ten thousands digit of 25289?
2
What is the units digit of 6127?
7
What is the tens digit of 4026?
2
What is the units digit of 503?
3
What is the tens digit of 6189?
8
What is the tens digit of 882?
8
What is the hundreds digit of 20937?
9
What is the tens digit of 1819?
1
What is the tens digit of 635?
3
What is the hundreds digit of 5329?
3
What is the tens digit of 40663?
6
What is the hundreds digit of 667?
6
What is the units digit of 4842?
2
What is the thousands digit of 1111?
1
What is the units digit of 22097?
7
What is the hundreds digit of 974?
9
What is the tens digit of 5154?
5
What is the hundreds digit of 3598?
5
What is the thousands digit of 3163?
3
What is the hundreds digit of 37025?
0
What is the thousands digit of 1644?
1
What is the thousands digit of 40481?
0
What is the units digit of 2813?
3
What is the hundreds digit of 976?
9
What is the tens digit of 5535?
3
What is the hundreds digit of 16978?
9
What is the hundreds digit of 40960?
9
What is the ten thousands digit of 57685?
5
What is the tens digit of 35518?
1
What is the thousands digit of 71704?
1
What is the ten thousands digit of 25331?
2
What is the ten thousands digit of 16691?
1
What is the units digit of 124?
4
What is the thousands digit of 1590?
1
What is the thousands digit of 65237?
5
What is the units digit of 41?
1
What is the hundreds digit of 36410?
4
What is the hundreds digit of 110?
1
What is the tens digit of 300?
0
What is the tens digit of 3998?
9
What is the thousands digit of 3298?
3
What is the hundreds digit of 48512?
5
What is the units digit of 27835?
5
What is the tens digit of 3302?
0
What is the hundreds digit of 347?
3
What is the tens digit of 46981?
8
What is the thousands digit of 7055?
7
What is the thousands digit of 2220?
2
What is the tens digit of 56408?
0
What is the tens digit of 7059?
5
What is the hundreds digit of 4520?
5
What is the units digit of 4042?
2
What is the units digit of 6365?
5
What is the t